?
7
What is the thousands digit of 52116?
2
What is the tens digit of 166423?
2
What is the thousands digit of 1857789?
7
What is the hundreds digit of 125437?
4
What is the tens digit of 9325052?
5
What is the units digit of 132050?
0
What is the ten thousands digit of 615354?
1
What is the ten thousands digit of 17136795?
3
What is the hundreds digit of 4700345?
3
What is the units digit of 726007?
7
What is the hundred thousands digit of 5288961?
2
What is the ten thousands digit of 22470401?
7
What is the thousands digit of 1091697?
1
What is the tens digit of 4864445?
4
What is the tens digit of 3292445?
4
What is the hundreds digit of 110168?
1
What is the units digit of 419455?
5
What is the ten thousands digit of 102348?
0
What is the tens digit of 3991746?
4
What is the thousands digit of 647551?
7
What is the thousands digit of 7016882?
6
What is the hundreds digit of 186721?
7
What is the tens digit of 343384?
8
What is the hundreds digit of 419784?
7
What is the hundred thousands digit of 7972931?
9
What is the thousands digit of 2316088?
6
What is the thousands digit of 265586?
5
What is the hundreds digit of 89522?
5
What is the hundreds digit of 5773093?
0
What is the tens digit of 2012566?
6
What is the thousands digit of 8359312?
9
What is the thousands digit of 67502?
7
What is the tens digit of 227829?
2
What is the tens digit of 1115865?
6
What is the hundred thousands digit of 510280?
5
What is the thousands digit of 5601328?
1
What is the ten thousands digit of 995051?
9
What is the thousands digit of 37011?
7
What is the hundred thousands digit of 2187979?
1
What is the thousands digit of 2712413?
2
What is the hundreds digit of 1778556?
5
What is the units digit of 321553?
3
What is the hundreds digit of 34622?
6
What is the hundreds digit of 145851?
8
What is the millions digit of 11291316?
1
What is the units digit of 741152?
2
What is the units digit of 8409440?
0
What is the units digit of 861997?
7
What is the tens digit of 2514326?
2
What is the millions digit of 1075042?
1
What is the millions digit of 29686013?
9
What is the thousands digit of 32910?
2
What is the units digit of 143235?
5
What is the hundred thousands digit of 546977?
5
What is the hundreds digit of 8771?
7
What is the thousands digit of 6574859?
4
What is the tens digit of 403583?
8
What is the hundred thousands digit of 2345366?
3
What is the ten thousands digit of 12350?
1
What is the hundreds digit of 879373?
3
What is the thousands digit of 387768?
7
What is the ten thousands digit of 5866963?
6
What is the ten thousands digit of 3716596?
1
What is the hundreds digit of 86835?
8
What is the hundred thousands digit of 7517447?
5
What is the hundreds digit of 66528?
5
What is the ten millions digit of 33972507?
3
What is the ten millions digit of 12004504?
1
What is the ten thousands digit of 249508?
4
What is the units digit of 716470?
0
What is the tens digit of 348180?
8
What is the thousands digit of 9758581?
8
What is the tens digit of 241346?
4
What is the hundreds digit of 4833456?
4
What is the ten thousands digit of 531097?
3
What is the thousands digit of 341839?
1
What is the tens digit of 3513283?
8
What is the hundred thousands digit of 103943?
1
What is the hundred thousands digit of 1390125?
3
What is the hundred thousands digit of 349368?
3
What is the millions digit of 17101925?
7
What is the hundred thousands digit of 6670760?
6
What is the hundred thousands digit of 207710?
2
What is the hundreds digit of 687866?
8
What is the millions digit of 4892030?
4
What is the tens digit of 2169915?
1
What is the units digit of 876541?
1
What is the units digit of 1073989?
9
What is the units digit of 1488568?
8
What is the hundreds digit of 1524?
5
What is the millions digit of 9312664?
9
What is the millions digit of 17456285?
7
What is the tens digit of 1422065?
6
What is the thousands digit of 11091534?
1
What is the units digit of 688021?
1
What is the tens digit of 424619?
1
What is the hundred thousands digit of 6361361?
3
What is the ten thousands digit of 7125628?
2
What is the hundred thousands digit of 120944?
1
What is the ten thousands digit of 3065442?
6
What is the ten thousands digit of 194915?
9
What is the tens digit of 746011?
1
What is the tens digit of 1226559?
5
What is the tens digit of 48553?
5
What is the hundred thousands digit of 775921?
7
What is the tens digit of 431267?
6
What is the hundred thousands digit of 108807?
1
What is the ten millions digit of 26875530?
2
What is the tens digit of 345579?
7
What is the thousands digit of 221641?
1
What is the hundred thousands digit of 495800?
4
What is the units digit of 160118?
8
What is the thousands digit of 783455?
3
What is the hundred thousands digit of 627534?
6
What is the hundreds digit of 2358137?
1
What is the ten thousands digit of 37372?
3
What is the thousands digit of 7230746?
0
What is the thousands digit of 1305255?
5
What is the units digit of 1688661?
1
What is the ten thousands digit of 2188570?
8
What is the ten thousands digit of 594597?
9
What is the units digit of 130599?
9
What is the hundred thousands digit of 237327?
2
What is the thousands digit of 1853713?
3
What is the thousands digit of 6047318?
7
What is the tens digit of 53209?
0
What is the thousands digit of 264363?
4
What is the units digit of 15033097?
7
What is the ten thousands digit of 13485639?
8
What is the ten thousands digit of 216822?
1
What is the hundred thousands digit of 441571?
4
What is the hundred thousands digit of 4214766?
2
What is the hundred thousands digit of 10755148?
7
What is the thousands digit of 4483770?
3
What is the thousands digit of 14974609?
4
What is the units digit of 10907534?
4
What is the hundreds digit of 1575089?
0
What is the millions digit of 2190423?
2
What is the millions digit of 1585727?
1
What is the units digit of 613222?
2
What is the ten thousands digit of 513058?
1
What is the tens digit of 2103882?
8
What is the tens digit of 1685207?
0
What is the ten thousands digit of 1447465?
4
What is the thousands digit of 1067336?
7
What is the thousands digit of 27578431?
8
What is the hundreds digit of 111589?
5
What is the thousands digit of 1581073?
1
What is the thousands digit of 175824?
5
What is the tens digit of 4908514?
1
What is the ten thousands digit of 9986440?
8
What is the tens digit of 1433490?
9
What is the hundreds digit of 5215341?
3
What is the hundred thousands digit of 13168551?
1
What is the ten millions digit of 27363600?
2
What is the hundred thousands digit of 420535?
4
What is the hundreds digit of 452782?
7
What is the ten thousands digit of 9426772?
2
What is the hundred thousands digit of 1271840?
2
What is the thousands digit of 767909?
7
What is the hundred thousands digit of 1431348?
4
What is the hundred thousands digit of 4839574?
8
What is the tens digit of 108050?
5
What is the millions digit of 1806314?
1
What is the hundreds digit of 1365342?
3
What is the tens digit of 359347?
4
What is the units digit of 23263160?
0
What is the units digit of 1971924?
4
What is the thousands digit of 568215?
8
What is the thousands digit of 205673?
5
What is the thousands digit of 4214862?
4
What is the hundred thousands digit of 4593655?
5
What is the tens digit of 6109544?
4
What is the millions digit of 6936687?
6
What is the hundreds digit of 406791?
7
What is the tens digit of 29581609?
0
What is the ten thousands digit of 634946?
3
What is the millions digit of 1671440?
1
What is the ten thousands digit of 8480004?
8
What is the thousands digit of 340874?
0
What is the hundred thousands digit of 6089155?
0
What is the millions digit of 1698129?
1
What is the thousands digit of 140712?
0
What is the units digit of 32081?
1
What is the thousands digit of 707975?
7
What is the tens digit of 84190?
9
What is the millions digit of 1924626?
1
What is the hundred thousands digit of 632548?
6
What is the thousands digit of 346244?
6
What is the tens digit of 245800?
0
What is the tens digit of 4279019?
1
What is the ten thousands digit of 137402?
3
What is the hundred thousands digit of 718985?
7
What is the hundred thousands digit of 626277?
6
What is the units digit of 4385472?
2
What is the hundred thou